{"id":1595,"date":"2024-05-15T10:46:00","date_gmt":"2024-05-15T10:46:00","guid":{"rendered":"https:\/\/wp.dynamiclayers.net\/softgen-importer\/?page_id=1595"},"modified":"2024-09-25T22:07:54","modified_gmt":"2024-09-25T22:07:54","slug":"iletisim","status":"publish","type":"page","link":"https:\/\/shiftsoft.co\/index.php\/iletisim\/","title":{"rendered":"\u0130leti\u015fim"},"content":{"rendered":"\t\t<div data-elementor-type=\"wp-page\" data-elementor-id=\"1595\" class=\"elementor elementor-1595\">\n\t\t\t\t<div class=\"elementor-element elementor-element-e8ec0a7 animated-bg-yes e-flex e-con-boxed e-con e-parent\" data-id=\"e8ec0a7\" data-element_type=\"container\" data-settings=\"{&quot;background_background&quot;:&quot;classic&quot;}\">\n\t\t\t\t\t<div class=\"e-con-inner\">\n\t\t<div class=\"elementor-element elementor-element-8ea66c6 e-con-full e-flex e-con e-child\" data-id=\"8ea66c6\" data-element_type=\"container\">\n\t\t\t\t<div class=\"elementor-element elementor-element-d2b008a elementor-widget elementor-widget-softgen-section-heading\" data-id=\"d2b008a\" data-element_type=\"widget\" data-widget_type=\"softgen-section-heading.default\">\n\t\t\t\t<div class=\"elementor-widget-container\">\n\t\t\t        <div class=\"el-section-heading\">\n            <div class=\"content-wrapper\">\n                            <h2 class=\"sg-heading is-border wow sg-fadeInBottom\" data-wow-offset=\"200\" data-wow-delay=\"0ms\" data-wow-duration=\"2000ms\">\n            \u0130leti\u015fim Bilgileri            <\/h2>\n                    <p class=\"desc wow sg-fadeInBottom\" data-wow-offset=\"200\" data-wow-delay=\"100ms\" data-wow-duration=\"2000ms\">Bizimle kolayca ileti\u015fim kurabilirsiniz. Sorular\u0131n\u0131z\u0131 yan\u0131tlamak ve size yard\u0131mc\u0131 olmak i\u00e7in buraday\u0131z. H\u0131zl\u0131 geri d\u00f6n\u00fc\u015f sa\u011fl\u0131yoruz!<\/p>\n                    <\/div>\n        <\/div>\n        \t\t<\/div>\n\t\t\t\t<\/div>\n\t\t\t\t<div class=\"elementor-element elementor-element-b223ba3 layout-block list-left elementor-widget elementor-widget-softgen-list-items\" data-id=\"b223ba3\" data-element_type=\"widget\" data-widget_type=\"softgen-list-items.default\">\n\t\t\t\t<div class=\"elementor-widget-container\">\n\t\t\t        <div class=\"dl-el-items\">\n                        <div class=\"dl-el-item elementor-repeater-item-ad77a48\">\n                                    <div class=\"dl-el-list-icon\">\n                        <i aria-hidden=\"true\" class=\"la la-map-marked-alt\"><\/i>                    <\/div>\n                                <div class=\"dl-el-list-content\">\n                                            <h3 >Denizli yolu bulvar\u0131, Teknopark Sitesi, B Blok, No:4B\/16, <br>48000 Mente\u015fe\/Mu\u011fla <\/h3>\n                                                                            <\/div>\n            <\/div>\n                        <div class=\"dl-el-item elementor-repeater-item-19b6c8e\">\n                                    <div class=\"dl-el-list-icon\">\n                        <i aria-hidden=\"true\" class=\"la la-mail-bulk\"><\/i>                    <\/div>\n                                <div class=\"dl-el-list-content\">\n                                            <h3 >info@shiftsoft.co<\/h3>\n                                                                            <\/div>\n            <\/div>\n                        <div class=\"dl-el-item elementor-repeater-item-66e30d5\">\n                                    <div class=\"dl-el-list-icon\">\n                        <i aria-hidden=\"true\" class=\"la la-phone-volume\"><\/i>                    <\/div>\n                                <div class=\"dl-el-list-content\">\n                                            <h3 >+90 542 281 05 70<\/h3>\n                                                                            <\/div>\n            <\/div>\n                    <\/div>\n        \t\t<\/div>\n\t\t\t\t<\/div>\n\t\t\t\t<\/div>\n\t\t<div class=\"elementor-element elementor-element-f088612 e-con-full e-flex e-con e-child\" data-id=\"f088612\" data-element_type=\"container\">\n\t\t\t\t<div class=\"elementor-element elementor-element-f728430 elementor-widget elementor-widget-softgen-section-heading\" data-id=\"f728430\" data-element_type=\"widget\" data-widget_type=\"softgen-section-heading.default\">\n\t\t\t\t<div class=\"elementor-widget-container\">\n\t\t\t        <div class=\"el-section-heading\">\n            <div class=\"content-wrapper\">\n                            <h2 class=\"sg-heading is-border wow sg-fadeInBottom\" data-wow-offset=\"200\" data-wow-delay=\"0ms\" data-wow-duration=\"2000ms\">\n            \u0130leti\u015fim Formu            <\/h2>\n                    <p class=\"desc wow sg-fadeInBottom\" data-wow-offset=\"200\" data-wow-delay=\"100ms\" data-wow-duration=\"2000ms\">Herhangi bir sorunuz veya \u00f6neriniz varsa, l\u00fctfen formu doldurun. Size en k\u0131sa s\u00fcrede geri d\u00f6n\u00fc\u015f yapaca\u011f\u0131z!<\/p>\n                    <\/div>\n        <\/div>\n        \t\t<\/div>\n\t\t\t\t<\/div>\n\t\t\t\t<div class=\"elementor-element elementor-element-9375f09 dl-align-left elementor-widget elementor-widget-softgen-contact-form\" data-id=\"9375f09\" data-element_type=\"widget\" data-widget_type=\"softgen-contact-form.default\">\n\t\t\t\t<div class=\"elementor-widget-container\">\n\t\t\t<div class=\"el-cf7-form-wrap layout-1\">        <div class=\"dl-section-heading\">\n                                            <\/div>\n        \n<div class=\"wpcf7 no-js\" id=\"wpcf7-f1608-o1\" lang=\"en-US\" dir=\"ltr\">\n<div class=\"screen-reader-response\"><p role=\"status\" aria-live=\"polite\" aria-atomic=\"true\"><\/p> <ul><\/ul><\/div>\n<form action=\"\/index.php\/wp-json\/wp\/v2\/pages\/1595#wpcf7-f1608-o1\" method=\"post\" class=\"wpcf7-form init\" aria-label=\"Contact form\" novalidate=\"novalidate\" data-status=\"init\">\n<div style=\"display: none;\">\n<input type=\"hidden\" name=\"_wpcf7\" value=\"1608\" \/>\n<input type=\"hidden\" name=\"_wpcf7_version\" value=\"5.9.8\" \/>\n<input type=\"hidden\" name=\"_wpcf7_locale\" value=\"en_US\" \/>\n<input type=\"hidden\" name=\"_wpcf7_unit_tag\" value=\"wpcf7-f1608-o1\" \/>\n<input type=\"hidden\" name=\"_wpcf7_container_post\" value=\"0\" \/>\n<input type=\"hidden\" name=\"_wpcf7_posted_data_hash\" value=\"\" \/>\n<\/div>\n<p><span class=\"wpcf7-form-control-wrap\" data-name=\"first-name\"><input size=\"40\" maxlength=\"400\" class=\"wpcf7-form-control wpcf7-text wpcf7-validates-as-required\" aria-required=\"true\" aria-invalid=\"false\" placeholder=\"Ad\u0131n\u0131z\" value=\"\" type=\"text\" name=\"first-name\" \/><\/span>\n<\/p>\n<p><span class=\"wpcf7-form-control-wrap\" data-name=\"last-name\"><input size=\"40\" maxlength=\"400\" class=\"wpcf7-form-control wpcf7-text wpcf7-validates-as-required\" aria-required=\"true\" aria-invalid=\"false\" placeholder=\"Soyad\u0131n\u0131z\" value=\"\" type=\"text\" name=\"last-name\" \/><\/span>\n<\/p>\n<p><span class=\"wpcf7-form-control-wrap\" data-name=\"team-email\"><input size=\"40\" maxlength=\"400\" class=\"wpcf7-form-control wpcf7-email wpcf7-validates-as-required wpcf7-text wpcf7-validates-as-email\" aria-required=\"true\" aria-invalid=\"false\" placeholder=\"Mail Adresiniz\" value=\"\" type=\"email\" name=\"team-email\" \/><\/span>\n<\/p>\n<p><span class=\"wpcf7-form-control-wrap\" data-name=\"phone-number\"><input size=\"40\" maxlength=\"400\" class=\"wpcf7-form-control wpcf7-tel wpcf7-text wpcf7-validates-as-tel\" aria-invalid=\"false\" placeholder=\"Telefon Numaran\u0131z\" value=\"\" type=\"tel\" name=\"phone-number\" \/><\/span>\n<\/p>\n<p><span class=\"wpcf7-form-control-wrap\" data-name=\"team-message\"><textarea cols=\"40\" rows=\"10\" maxlength=\"2000\" class=\"wpcf7-form-control wpcf7-textarea wpcf7-validates-as-required\" aria-required=\"true\" aria-invalid=\"false\" placeholder=\"Mesaj\u0131n\u0131z\" name=\"team-message\"><\/textarea><\/span>\n<\/p>\n<p><input class=\"wpcf7-form-control wpcf7-submit has-spinner\" type=\"submit\" value=\"\u0130letiyi G\u00f6nder\" \/>\n<\/p><p style=\"display: none !important;\" class=\"akismet-fields-container\" data-prefix=\"_wpcf7_ak_\"><label>&#916;<textarea name=\"_wpcf7_ak_hp_textarea\" cols=\"45\" rows=\"8\" maxlength=\"100\"><\/textarea><\/label><input type=\"hidden\" id=\"ak_js_1\" name=\"_wpcf7_ak_js\" value=\"195\"\/><script>document.getElementById( \"ak_js_1\" ).setAttribute( \"value\", ( new Date() ).getTime() );<\/script><\/p><div class=\"wpcf7-response-output\" aria-hidden=\"true\"><\/div>\n<\/form>\n<\/div>\n<\/div>\t\t<\/div>\n\t\t\t\t<\/div>\n\t\t\t\t<\/div>\n\t\t\t\t\t<\/div>\n\t\t\t\t<\/div>\n\t\t<div class=\"elementor-element elementor-element-2373d42 e-con-full e-flex e-con e-parent\" data-id=\"2373d42\" data-element_type=\"container\">\n\t\t\t\t<div class=\"elementor-element elementor-element-42a7e02 elementor-widget elementor-widget-google_maps\" data-id=\"42a7e02\" data-element_type=\"widget\" data-widget_type=\"google_maps.default\">\n\t\t\t\t<div class=\"elementor-widget-container\">\n\t\t\t\t\t<div class=\"elementor-custom-embed\">\n\t\t\t<iframe loading=\"lazy\"\n\t\t\t\t\tsrc=\"https:\/\/maps.google.com\/maps?q=shiftsoft&#038;t=m&#038;z=15&#038;output=embed&#038;iwloc=near\"\n\t\t\t\t\ttitle=\"shiftsoft\"\n\t\t\t\t\taria-label=\"shiftsoft\"\n\t\t\t><\/iframe>\n\t\t<\/div>\n\t\t\t\t<\/div>\n\t\t\t\t<\/div>\n\t\t\t\t<\/div>\n\t\t<div class=\"elementor-element elementor-element-2fc4fac e-flex e-con-boxed e-con e-parent\" data-id=\"2fc4fac\" data-element_type=\"container\">\n\t\t\t\t\t<div class=\"e-con-inner\">\n\t\t\t\t<div class=\"elementor-element elementor-element-bd8994b elementor-widget elementor-widget-spacer\" data-id=\"bd8994b\" data-element_type=\"widget\" data-widget_type=\"spacer.default\">\n\t\t\t\t<div class=\"elementor-widget-container\">\n\t\t\t\t\t<div class=\"elementor-spacer\">\n\t\t\t<div class=\"elementor-spacer-inner\"><\/div>\n\t\t<\/div>\n\t\t\t\t<\/div>\n\t\t\t\t<\/div>\n\t\t\t\t\t<\/div>\n\t\t\t\t<\/div>\n\t\t\t\t<\/div>\n\t\t","protected":false},"excerpt":{"rendered":"<p>\u0130leti\u015fim Bilgileri Bizimle kolayca ileti\u015fim kurabilirsiniz. Sorular\u0131n\u0131z\u0131 yan\u0131tlamak ve size yard\u0131mc\u0131 olmak i\u00e7in buraday\u0131z. H\u0131zl\u0131 geri d\u00f6n\u00fc\u015f sa\u011fl\u0131yoruz! Denizli yolu bulvar\u0131, Teknopark Sitesi, B Blok, No:4B\/16, 48000 Mente\u015fe\/Mu\u011fla info@shiftsoft.co +90 542 281 05 70 \u0130leti\u015fim Formu Herhangi bir sorunuz veya \u00f6neriniz varsa, l\u00fctfen formu doldurun. Size en k\u0131sa s\u00fcrede geri d\u00f6n\u00fc\u015f yapaca\u011f\u0131z! &#916;<\/p>\n","protected":false},"author":1,"featured_media":0,"parent":0,"menu_order":0,"comment_status":"closed","ping_status":"closed","template":"elementor-template.php","meta":{"_acf_changed":false,"_monsterinsights_skip_tracking":false,"_monsterinsights_sitenote_active":false,"_monsterinsights_sitenote_note":"","_monsterinsights_sitenote_category":0,"footnotes":""},"class_list":["post-1595","page","type-page","status-publish","hentry"],"acf":[],"aioseo_notices":[],"_links":{"self":[{"href":"https:\/\/shiftsoft.co\/index.php\/wp-json\/wp\/v2\/pages\/1595","targetHints":{"allow":["GET"]}}],"collection":[{"href":"https:\/\/shiftsoft.co\/index.php\/wp-json\/wp\/v2\/pages"}],"about":[{"href":"https:\/\/shiftsoft.co\/index.php\/wp-json\/wp\/v2\/types\/page"}],"author":[{"embeddable":true,"href":"https:\/\/shiftsoft.co\/index.php\/wp-json\/wp\/v2\/users\/1"}],"replies":[{"embeddable":true,"href":"https:\/\/shiftsoft.co\/index.php\/wp-json\/wp\/v2\/comments?post=1595"}],"version-history":[{"count":25,"href":"https:\/\/shiftsoft.co\/index.php\/wp-json\/wp\/v2\/pages\/1595\/revisions"}],"predecessor-version":[{"id":2344,"href":"https:\/\/shiftsoft.co\/index.php\/wp-json\/wp\/v2\/pages\/1595\/revisions\/2344"}],"wp:attachment":[{"href":"https:\/\/shiftsoft.co\/index.php\/wp-json\/wp\/v2\/media?parent=1595"}],"curies":[{"name":"wp","href":"https:\/\/api.w.org\/{rel}","templated":true}]}}